{"id":50,"date":"2022-05-09T22:51:42","date_gmt":"2022-05-09T22:51:42","guid":{"rendered":"https:\/\/fcaunican.edu.py\/?page_id=50"},"modified":"2023-10-02T10:38:24","modified_gmt":"2023-10-02T15:08:24","slug":"inicio","status":"publish","type":"page","link":"https:\/\/fcaunican.edu.py\/","title":{"rendered":"Inicio"},"content":{"rendered":"<p>[popup_trigger id=\u00bb18785&#8243; tag=\u00bbspan\u00bb][\/popup_trigger]<\/p>\n<div class=\"row\"><div class=\"col-12\">\n        <article class=\"item item-normal\">\n            <div class=\"item-picture\">\n                <a href=\"https:\/\/fcaunican.edu.py\/index.php\/2026\/05\/11\/egresada-del-doctorado-en-agronomia-de-la-unioeste-brasil-publica-articulo-cientifico-junto-a-investigadores-de-la-fca\/\">\n                    <img data-recalc-dims=\"1\" fetchpriority=\"high\" decoding=\"async\" width=\"1411\" height=\"750\" src=\"https:\/\/i0.wp.com\/fcaunican.edu.py\/wp-content\/uploads\/2026\/05\/portada.png?resize=1411%2C750&#038;ssl=1\" class=\"attachment-post-thumbnail size-post-thumbnail wp-post-image\" alt=\"\" srcset=\"https:\/\/i0.wp.com\/fcaunican.edu.py\/wp-content\/uploads\/2026\/05\/portada.png?w=1411&amp;ssl=1 1411w, https:\/\/i0.wp.com\/fcaunican.edu.py\/wp-content\/uploads\/2026\/05\/portada.png?resize=300%2C159&amp;ssl=1 300w, https:\/\/i0.wp.com\/fcaunican.edu.py\/wp-content\/uploads\/2026\/05\/portada.png?resize=1024%2C544&amp;ssl=1 1024w, https:\/\/i0.wp.com\/fcaunican.edu.py\/wp-content\/uploads\/2026\/05\/portada.png?resize=768%2C408&amp;ssl=1 768w\" sizes=\"(max-width: 1000px) 100vw, 1000px\" \/>\n                <\/a>\n            <\/div>\n\n            <div class=\"item-info\">\n                <div class=\"item-title\">\n                    <a href=\"https:\/\/fcaunican.edu.py\/index.php\/2026\/05\/11\/egresada-del-doctorado-en-agronomia-de-la-unioeste-brasil-publica-articulo-cientifico-junto-a-investigadores-de-la-fca\/\">\n                        <h2>Egresada del Doctorado en Agronom\u00eda de la UNIOESTE (Brasil) publica art\u00edculo cient\u00edfico junto a investigadores de la FCA.<\/h2>\n                    <\/a>\n                <\/div>\n\n                <div class=\"item-date\">\n                    <p>11\/05\/2026 08:15<\/p>\n                <\/div>\n\n                <div class=\"item-summary\">\n                    <p><\/p>\n                <\/div>\n            <\/div>\n        <\/article>\n        \n        <article class=\"item item-normal\">\n            <div class=\"item-picture\">\n                <a href=\"https:\/\/fcaunican.edu.py\/index.php\/2026\/05\/06\/alumnos-de-agronomia-realizaron-visita-tecnica-a-establecimiento-ganadero\/\">\n                    <img data-recalc-dims=\"1\" decoding=\"async\" width=\"1120\" height=\"510\" src=\"https:\/\/i0.wp.com\/fcaunican.edu.py\/wp-content\/uploads\/2026\/05\/portada.jpeg?resize=1120%2C510&#038;ssl=1\" class=\"attachment-post-thumbnail size-post-thumbnail wp-post-image\" alt=\"\" srcset=\"https:\/\/i0.wp.com\/fcaunican.edu.py\/wp-content\/uploads\/2026\/05\/portada.jpeg?w=1120&amp;ssl=1 1120w, https:\/\/i0.wp.com\/fcaunican.edu.py\/wp-content\/uploads\/2026\/05\/portada.jpeg?resize=300%2C137&amp;ssl=1 300w, https:\/\/i0.wp.com\/fcaunican.edu.py\/wp-content\/uploads\/2026\/05\/portada.jpeg?resize=1024%2C466&amp;ssl=1 1024w, https:\/\/i0.wp.com\/fcaunican.edu.py\/wp-content\/uploads\/2026\/05\/portada.jpeg?resize=768%2C350&amp;ssl=1 768w\" sizes=\"(max-width: 1000px) 100vw, 1000px\" \/>\n                <\/a>\n            <\/div>\n\n            <div class=\"item-info\">\n                <div class=\"item-title\">\n                    <a href=\"https:\/\/fcaunican.edu.py\/index.php\/2026\/05\/06\/alumnos-de-agronomia-realizaron-visita-tecnica-a-establecimiento-ganadero\/\">\n                        <h2>Alumnos de Agronom\u00eda realizaron visita t\u00e9cnica a establecimiento ganadero<\/h2>\n                    <\/a>\n                <\/div>\n\n                <div class=\"item-date\">\n                    <p>06\/05\/2026 16:50<\/p>\n                <\/div>\n\n                <div class=\"item-summary\">\n                    <p><\/p>\n                <\/div>\n            <\/div>\n        <\/article>\n        <\/div><\/div>\n<p>[rev_slider alias=\u00bbhomepage-slider\u00bb]<\/p>\n","protected":false},"excerpt":{"rendered":"<p>[popup_trigger id=\u00bb18785&#8243; tag=\u00bbspan\u00bb][\/popup_trigger] [rev_slider alias=\u00bbhomepage-slider\u00bb]<\/p>\n","protected":false},"author":1,"featured_media":0,"parent":0,"menu_order":0,"comment_status":"closed","ping_status":"closed","template":"","meta":{"advanced_seo_description":"","jetpack_seo_html_title":"","jetpack_seo_noindex":false,"footnotes":""},"class_list":["post-50","page","type-page","status-publish","hentry"],"jetpack_sharing_enabled":true,"jetpack-related-posts":[],"jetpack_likes_enabled":true,"_links":{"self":[{"href":"https:\/\/fcaunican.edu.py\/index.php\/wp-json\/wp\/v2\/pages\/50","targetHints":{"allow":["GET"]}}],"collection":[{"href":"https:\/\/fcaunican.edu.py\/index.php\/wp-json\/wp\/v2\/pages"}],"about":[{"href":"https:\/\/fcaunican.edu.py\/index.php\/wp-json\/wp\/v2\/types\/page"}],"author":[{"embeddable":true,"href":"https:\/\/fcaunican.edu.py\/index.php\/wp-json\/wp\/v2\/users\/1"}],"replies":[{"embeddable":true,"href":"https:\/\/fcaunican.edu.py\/index.php\/wp-json\/wp\/v2\/comments?post=50"}],"version-history":[{"count":12,"href":"https:\/\/fcaunican.edu.py\/index.php\/wp-json\/wp\/v2\/pages\/50\/revisions"}],"predecessor-version":[{"id":18789,"href":"https:\/\/fcaunican.edu.py\/index.php\/wp-json\/wp\/v2\/pages\/50\/revisions\/18789"}],"wp:attachment":[{"href":"https:\/\/fcaunican.edu.py\/index.php\/wp-json\/wp\/v2\/media?parent=50"}],"curies":[{"name":"wp","href":"https:\/\/api.w.org\/{rel}","templated":true}]}}